+ (-5128)/(-6) - 2?
853
Let c(w) = w**3 + 9*w**2 + 8*w + 3. Let t be c(-8). Suppose -t = 2*u - 5. What are the prime factors of 18/(-18) + 145/u?
2, 3
Let l(q) = 2*q**2 - q + 9. Suppose 4*z + 5*h + 36 = -0*h, -4*z - 4*h - 32 = 0. What are the prime factors of l(z)?
3, 5
Let v(j) be the first derivative of 44*j**3/3 - 2*j**2 - 5*j - 5. What are the prime factors of v(-3)?
13, 31
Suppose 50*m = 1678575 + 42275. List the prime factors of m.
127, 271
Let o = -68 - -120. List the prime factors of (o/12 + -5)*3558/(-4).
593
Suppose -42*s + 11*s = 31. Let c(g) = -1342*g**3 + g**2 + 11*g + 10. List the prime factors of c(s).
2, 11, 61
Suppose 0 = m - 21 - 8. Let h = 32 - m. Suppose 0 = 3*z + h*f - 69, 0*z + 5*f - 40 = -2*z. What are the prime factors of z?
5
Let d = 57 + -52. Suppose -2*x + 1 = -d. Suppose 5*w + j - 564 = -x*j, -5*w + 576 = j. What are the prime factors of w?
2, 29
Let q(o) = 3*o + 33. Let z be q(-10). Let i(y) = y - 1. Let a(g) = 8*g**2 + 2*g + 8. Let t(k) = a(k) - i(k). What are the prime factors of t(z)?
2, 3, 7
Let j = 243 - 241. Suppose -181 = -j*z + 51. What are the prime factors of z?
2, 29
Suppose 44 = 7*n - 5. Suppose 0 = -5*x - 20, 5*x + 13 = 4*j - n. List the prime factors of (j + 1)*(-2 + 1136/8).
2, 5, 7
Let x be 5*1*(-11)/22*-106. Let h = 478 + x. Suppose 6*p = h - 197. What are the prime factors of p?
7, 13
Let x be ((-30284)/(-28) - -5) + (-12)/21. Suppose 9*f - 7014 = x. What are the prime factors of f?
2, 3, 5
Let c = -19 - -25. Suppose 32 = -9*d + 25*d. Suppose -3*m + s - 36 = -603, 0 = d*s + c. List the prime factors of m.
2, 47
Let v(y) = -5. Let g(h) = h + 5. Let k(m) = -4*g(m) - 5*v(m). Let u be k(-7). Let i = 215 - u. What are the prime factors of i?
2, 7, 13
Suppose 2*w + 127*x - 128*x = 60907, 4*w = -5*x + 121807. What are the prime factors of w?
3, 10151
Suppose -54*a + 1510808 = 92*a. List the prime factors of a.
2, 13, 199
Let q be -1 + 3/(-9) + (-806)/(-6). Let t = q + -114. What are the prime factors of ((-1)/1 + (t - 169))*-1?
151
Let d be (-13)/6 + 23/138 + 4. List the prime factors of 2*(3 - d) + (433 - -4).
439
Suppose 7*i - 316 = x + 9*i, 2*x - 4*i = -600. Let w = -156 - x. List the prime factors of w.
2, 19
Let s be 2 + 5/(-3) - 1210/(-33). Suppose s*a - 10404 = 31*a. What are the prime factors of a?
2, 3, 17
Let g = -22 - -48. Suppose -7*w + 3*w = 0. Suppose -4*d + 178 + g = w. What are the prime factors of d?
3, 17
List the prime factors of 6/9 + 589484/42.
2, 11, 29
Suppose -6 - 9 = -5*s - 5*h, 5*h = 5. Suppose x - 51 = s*f - 2*x, 2*f + 56 = -2*x. List the prime factors of f/(-18)*(-148)/(-6).
37
Let g(o) = 11*o - 69. Suppose -11*n = 5*n - 192. List the prime factors of g(n).
3, 7
Let h(c) = 2*c**3 + c**2 + c + 1. Let j(a) = 9*a**3 - 20*a**2 + 9*a + 5. Let u(v) = -4*h(v) + j(v). What are the prime factors of u(24)?
11
Suppose 12 - 37 = -5*w, -20 = -j - 3*w. List the prime factors of 1 - 15/j - (-2 - 1173).
3, 17, 23
Let b = -27725 - -44040. List the prime factors of b.
5, 13, 251
Let b(w) = w**3 + 2*w**2 - 5*w - 4. Let j be b(-3). Suppose 4*r + 1328 = 5*n + j*r, 2*r = 4*n - 1064. What are the prime factors of n?
2, 3, 11
Let g(d) be the second derivative of d**5/20 + 3*d**4/4 - 2*d**3/3 + 7*d**2/2 - 19*d. Let v be g(-8). Let t = -67 + v. List the prime factors of t.
2, 3
Let y(t) = 33*t**2 - 22*t - 28. Suppose 2*i + 2*j = 7*j - 15, -4*i = -3*j + 23. List the prime factors of y(i).
907
Suppose -2*h + 361 = -65. Suppose 2*g + 2*s = 246, s - 36 - h = -2*g. List the prime factors of g.
2, 3, 7
Let m(j) = -j**3 + 26*j**2 - 21*j - 96. Let y be m(25). Suppose 0 = y*s + i - 876, 12*i + 438 = 2*s + 8*i. List the prime factors of s.
3, 73
Let p be (8 - -7) + -11 + 3 + 304. Let o(l) = -8*l**3 - 4*l**2 - 3*l - 1. Let w be o(-3). Let d = p - w. What are the prime factors of d?
3, 41
Suppose -5*f + 16 = 2*n, 4*n + 2*f - 10 = 2*n. Suppose 0 = 5*u + n*s - 6310, -u + 6*s = s - 1234. What are the prime factors of u?
1259
Let n be (-2)/(-2)*(-10 - -15). Suppose -n*p + 4*t + 381 = 0, t = -p + 49 + 20. List the prime factors of p.
73
Let c(h) = 2*h**2 + 24*h - 15. Let k be (-3)/(-2)*532/(-42). What are the prime factors of c(k)?
251
Let t(z) = -4*z - 22 + 21 - 11*z**2 - 32*z**2. Let o be t(3). Let r = -259 - o. List the prime factors of r.
3, 47
Let b = 619 - 720. Let g = 269 + b. List the prime factors of g.
2, 3, 7
Suppose -2*d = u - 8, 0*d = -4*u - d + 18. Let i(s) = -s**3 + 3*s**2 + 5*s - 8. Let f be i(u). List the prime factors of (-52*2)/f - -3.
29
Let z(o) = o**2 - 9*o - 5. Let k be z(12). Suppose -35*q + 12 = -k*q. Suppose -q*v + 4*v = 94. List the prime factors of v.
2, 47
Suppose 0 = 5*k - 8 - 2. Suppose 3*l + 2*m - 816 = -178, 5*l - 1066 = -2*m. Suppose -l = -5*a - k*o, -2*o + 44 = a - 2. List the prime factors of a.
2, 3, 7
Let d = 267 + -277. What are the prime factors of d + (-134)/(-14) + 2498/14?
2, 89
Suppose 32*f + 9*f - 38376 = 0. Let r = 1730 - f. List the prime factors of r.
2, 397
List the prime factors of -4 + 13/3 - (-1 - 164278/6).
3, 9127
Let z be (-30)/(16/4 - (2 + 1)). What are the prime factors of ((-8)/(-10))/((-4)/z)?
2, 3
Let b be (-3)/(-2) - (-3)/6. Suppose -b*n = -3*n + 12. Suppose 37 = 5*v + n. What are the prime factors of v?
5
Suppose 268339 = 69*t - 113645. What are the prime factors of t?
2, 173
Suppose o - 3*m + 154 = 4301, 2*o = -2*m + 8310. What are the prime factors of o?
4153
List the prime factors of 8/(8 - 0) - -3877.
2, 7, 277
Let f(x) = 16*x**3 + 9*x**2 - 62*x - 26. List the prime factors of f(10).
2, 3, 7, 43
Let z = 21462 + -14607. What are the prime factors of z?
3, 5, 457
Let y be (2*(-12)/16)/(7/(-7910)). Let z = y - 606. List the prime factors of z.
3, 11
Suppose 0 = -l - 14*t + 11*t + 4344, -t = -5. List the prime factors of l.
3, 13, 37
Let v = -19725 - -58489. List the prime factors of v.
2, 11, 881
Suppose -11 - 31 = -6*n. Let r(m) = 17*m**3 - n*m**2 - 16*m**3 - 3*m**2 + 18 - 25*m. What are the prime factors of r(12)?
2, 3
Let f = 106 - 101. Suppose 0 = -2*h + q + 8, f*h + 4*q + 3 = -3. Suppose 5*j - 62 = -h*s, 0*s + 3*s + 68 = 4*j. List the prime factors of j.
2, 7
Let k be 2 - ((-8)/(-36) + 10/36)*-2. Suppose -3*f + 9 = -0*f. Suppose -131 = -5*x - f*g, 4*g - 28 = -k*x + 44. What are the prime factors of x?
2, 7
Let d = 3071 - 2694. What are the prime factors of d?
13, 29
Let y(n) = -n**2 - 7*n + 6. Suppose 0 = -4*s + s, -2*i - s = 12. Let z be y(i). Let x = 49 + z. List the prime factors of x.
61
List the prime factors of ((-2663)/4)/(1704/96 - 18).
2663
Let t be (-4)/4 + -1 + 254. Let l = t + 37. List the prime factors of l.
17
Let z = -14 - -31. Let n = z + 36. Suppose -3*l + 4*d + 65 = -n, -46 = -l + 3*d. What are the prime factors of l?
2, 17
Let i(u) = -219*u + 391. What are the prime factors of i(-7)?
2, 13, 37
Let d(a) = 11*a - 11*a**2 + 4*a + a**3 - 26*a + 17. Let z be d(10). Let f = -31 - z. What are the prime factors of f?
2, 3
Let g(q) = -33*q**3 - 131 + 67 + 65 + 4*q - q + 5*q**2. What are the prime factors of g(-3)?
2, 29
Let o(k) = 22*k - 1 + 17 + k - k**3 + 18*k**2. Let h be o(15). List the prime factors of (-2)/(-10) - h/(-20).
2, 13
Suppose 69*l = 63*l - 5364. Let b = 287 - l. Suppose -16*f + b = -403. What are the prime factors of f?
3, 11
Let y(v) = -8*v**2 + 45*v + 14. Let f be y(6). What are the prime factors of (-2 - f)*-41*(-25)/10?
5, 41
Suppose -y - 39 - 47 = 5*n, -y = -3*n - 50. Let g(t) = 3*t**2 + 37*t + 21. What are the prime factors of g(n)?
7, 37
What are the prime factors of (4500297/(-282))/(6/(-8))?
2, 10639
Let z be 3 + -8*(-1 - -2). Let m be (-531)/(-1 - z/(-10)). Let k = m + -244. List the prime factors of k.
2, 5, 11
Suppose -117 = 13*z + 1729. Let b = z + 308. What are the prime factors of b?
2, 83
Suppose 4*g = 3*z - 1232 - 1178, 2*z - 1807 = 3*g. Let k = -185 - g. What are the prime factors of k?
2, 13
Let z(w) = w**3 - 9*w**2 - 4*w - 33. Suppose 40 + 8 = 4*r. List the prime factors of z(r).
3, 13
Let c(m) = -2*m**2 + 26*m - 5. Let f be c(13). What are the prime factors of (4 - f) + 764 + 8?
11, 71
Suppose 3*u = 4*j - 97156, -13*j + 15*j + 24*u - 48374 = 0. List the prime factors of j.
7, 3469
Suppose -16 + 7 = -3*p. Suppose -199 = -p*c + 344. What are the prime factors of c?
181
Let b(z) = 22*z - 123. Let d be b